r?
True
Let b = 32 + 5. Suppose 4*k - 2*z - 151 = 3*z, 0 = -k + z + b. Is k prime?
False
Let d = 221 + 2. Is d composite?
False
Let j(g) = g**3 - 2*g**2 - g - 3. Let f be j(3). Suppose 5*b - 4*o = 250, f*b - o - 143 = -0*o. Is b a composite number?
True
Let a be (-8)/3*(-21)/14. Suppose 2*x = a*x - 586. Is x a prime number?
True
Let z = 83 - -123. Let v = -109 + z. Is v composite?
False
Suppose 4*k + 2*b - 6046 = 0, 4*k - 4*b + b = 6061. Suppose -r - k = 2*x, -1848 = 5*x - 2*r + 1948. Is 6/9 + x/(-6) prime?
True
Let x(n) = n**2 - 4*n + 2. Let m be x(4). Suppose -5*l - 2*k = -257, 4*l - 74 - 146 = m*k. Is l prime?
True
Is -2 - ((-77673)/85 - 4/(-5)) composite?
False
Let x(p) = -5*p - 65. Is x(-20) composite?
True
Suppose -4*o + 550 = -342. Is o prime?
True
Let i(c) = 10*c**2 + c - 1. Is i(-4) prime?
False
Let g(h) = h**2 + 155. Let j be g(0). Let k = j - 100. Is k composite?
True
Let c = -64 + 185. Is c composite?
True
Is (0 - (-3)/(-3))*-71 prime?
True
Let q = 123 - -1144. Is q prime?
False
Let k = -9 + 23. Is k a prime number?
False
Let b = 7675 + -5442. Suppose -514 = 3*x - b. Is (-2)/9 - x/(-27) a prime number?
False
Let d(h) = -198*h**2 + h - 1. Let l be d(1). Let w = l - -463. Is w prime?
False
Let h = -4 + 1. Let o = 0 - 4. Is 24 + o + (-6)/h a composite number?
True
Let u(a) = 733*a - 2. Is u(13) prime?
False
Let w = 189 + -56. Is w a prime number?
False
Let b(g) = 2*g**2 + 13*g - 21. Let s be b(10). Suppose -82 = -z + s. Is z a composite number?
True
Let d(f) = -2*f**3 - 6*f**2 + 6*f + 4. Let j = -11 + 6. Is d(j) a composite number?
True
Suppose p = -5*n - 22, -7 = -3*p - 5*n - 33. Is (-10)/(p/(-6) - 1) prime?
False
Let n(f) = f**2 - 12*f + 4. Let v be n(12). Suppose 2*i + 8 = v*i - k, -i + 3*k = -14. Suppose 6*u - 460 = i*u. Is u a composite number?
True
Suppose 2 = g - 0*g. Let t(a) = 3*a**2 + 3*a - 3. Is t(g) a composite number?
True
Let t(g) = -g**3 + 11*g**2 + g - 12. Let n be t(10). Let d = 165 - n. Is d a prime number?
True
Suppose 2*q - 5*m - 946 = -q, -4*m + 321 = q. Is q a composite number?
False
Let p = -7 + 12. Suppose -5*h + 541 = 4*t - 0*t, 5*h - p = 0. Is t prime?
False
Let y(t) = t + 13. Let k be y(-6). Suppose d = -k - 7. Let a = d - -24. Is a prime?
False
Is (0 - -1) + (13 - 13) + 84 a composite number?
True
Suppose 2*b = 5*v + 34, -5*v - 2*b - 36 = -5*b. Let i be 1/4 - 818/8. Is i/(-14) + v/21 a composite number?
False
Let c be (-2)/3 + (-17670)/9. Let k = 3223 + c. Is k a composite number?
False
Let r = 4 - 2. Let i be (-2 - 31)/(((-1)/(-3))/(-1)). Suppose -4*x = 3*o - i, -r*x + 3*o + 27 = -0*o. Is x composite?
True
Let c be (-12 - -12)/(-1 - 1). Suppose c*z - 97 = -z. Is z composite?
False
Let k(x) = 92*x**2 + 11*x - 5. Is k(-6) prime?
False
Let c(w) = 32*w**3 + 2*w**2 - 4*w + 2. Let j be c(2). Let x = -109 + j. Is x prime?
True
Suppose 5*j - 16 = j, 0 = 5*l - 5*j. Is 137/4 + (-1)/l prime?
False
Let s(l) = 16*l**3 - 5*l**2 + 3*l - 1. Let v be s(3). Suppose -5*k = -350 - v. Is k a composite number?
False
Suppose -115 = -f + 5. Let v = -26 + f. Is v a prime number?
False
Let q(g) = 14*g - 15. Is q(6) a prime number?
False
Suppose 2*j + 3425 = 3*g, 7*g = 2*g - 3*j + 5740. Is g a composite number?
True
Let v = -534 + 767. Let i = v - 350. Let g = -62 - i. Is g prime?
False
Let c = 347 - 176. Suppose -3*i - c = -0*i. Is (-6)/(-4 - -1) - i composite?
False
Suppose -5*r = 4*a - 397, -2*r = -4*a - 32 - 110. Is r a prime number?
False
Let q(l) = -4*l**2 + 7*l + 11. Let a(t) = -5*t**2 + 6*t + 12. Let w(k) = 5*a(k) - 6*q(k). Suppose -5*n - 16 = -3*n. Is w(n) composite?
True
Let b = -186 + 285. Is b/(-3)*1/(-3) prime?
True
Suppose 3*q - 4*q = -1. Let o(z) = 2*z**2 + z**2 + 5*z + 3*z**3 + q - 5. Is o(3) a composite number?
True
Let o = 4 + -10. Let v be (6/2)/o*-12. Let w(a) = a**2 - 2*a + 2. Is w(v) prime?
False
Let s(f) = 204*f**2 - 2*f - 1. Is s(-1) a composite number?
True
Let h = -77 + 513. Let i = h + -281. Is i prime?
False
Let q(v) = -v - 1. Let o be q(-3). Suppose 2*l - 6 = -o. Suppose 75 + 59 = l*t. Is t a composite number?
False
Suppose -11 + 51 = 2*s. Suppose 3*g = 13 + s. Is g composite?
False
Let z be (4/(-10))/(1/(-10)). Suppose -z*d + 3*d + 57 = 0. Is d a composite number?
True
Let a = -6136 - -10647. Is a a composite number?
True
Let j = -12 - -22. Suppose 4*s - 2 = j. Suppose 0 = s*m - 0*m - 57. Is m prime?
True
Suppose 2*q - a = -2*a + 63, 0 = 2*a + 2. Let f = 35 + q. Is f prime?
True
Let t(l) = 11*l + 2. Is t(4) composite?
True
Suppose -6*h + h = 0. Suppose 2*r - t + 5*t = 18, h = -3*r + 5*t + 27. Is r composite?
True
Suppose 3*r - 5*u = -397, 4*u = -2*r - 19 - 253. Let p = -37 - r. Is p a composite number?
False
Let a be 6/4 - 7/(-14). Suppose 3*v - 59 = a*v. Is v a composite number?
False
Let b = 272 - 5. Is b a composite number?
True
Let l = 9 - 5. Suppose -h - l*u + 71 = 0, 0 = 3*u - 12. Is h composite?
True
Let w = 601 - 260. Is w a prime number?
False
Let h(f) = 8*f**2 - 3*f + 6. Is h(5) composite?
False
Let o be -2 - (-5 - (-12)/4). Suppose -y + 5*v = -3*y + 94, o = 2*v - 8. Is y prime?
True
Suppose 8*u - 4*u = 6340. Is u a prime number?
False
Let s(q) = -q**2 - 13*q + 16. Is s(-11) a prime number?
False
Let i = 356 - 561. Let l = -50 - i. Is l a composite number?
True
Suppose -z + 1601 + 92 = 0. Is z composite?
False
Let s(g) = 4*g - 2. Let c be s(6). Let f = 16 - c. Let w(d) = -d**2 - 11*d + 7. Is w(f) a prime number?
True
Let p(j) = j**3 - 2*j**2 + 6. Let f be p(5). Suppose -f = -5*w - 2*o, 0 = w - 0*w + 5*o - 30. Let v = w + 40. Is v prime?
False
Suppose -2*p - w + 100 = 251, -5*p - w = 385. Is (p/12)/((-1)/4) a composite number?
True
Let d = -43 - -52. Is d a prime number?
False
Let u be (-8)/6 - 1/(-3). Let x = 2 - u. Is 7/x - (-1)/(-3) composite?
False
Suppose -17 - 6 = v. Let g = 62 - v. Is g a prime number?
False
Let b(i) = -i**2 - 8*i. Let d be b(-8). Suppose d = 3*w + 3*l - 339 - 3, -4*w - 3*l = -461. Is w prime?
False
Let u(l) = l**2 - 18*l + 29. Is u(-18) a composite number?
False
Suppose 0*h + 5*g = 4*h - 3259, -2*g = 5*h - 4115. Is h prime?
True
Let o(b) = -b**2 + b. Let q(i) be the first derivative of 2*i**3/3 - 3*i**2/2 + 4*i - 2. Let h(g) = -6*o(g) - q(g). Is h(3) composite?
False
Let u(x) = -5*x - 2. Let a be u(-2). Suppose -5*s + a + 22 = -2*m, 2*s - 33 = 5*m. Let w(l) = l**3 + 6*l**2 - l - 4. Is w(m) prime?
False
Let u be (-5)/10 - (-44)/8. Suppose p + 11 = 3*f, 4*p - 36 = -f - 3*f. Suppose -4*s = -p*r - 328, -s + u*s + 5*r = 301. Is s composite?
False
Let o(b) = b**2 + b. Let n be o(1). Suppose n*d = 5*d - 399. Is d a composite number?
True
Suppose -2*y - y = -93. Let u = y + -17. Is u a prime number?
False
Suppose 3*v = -2*u - 41 - 10, -3*v = 9. Let o = 97 + -195. Let y = u - o. Is y composite?
True
Let b = 268 - -114. Is b composite?
True
Let j be 1 + 2 + -1 + 135. Suppose -4*g + z = -j, -3*z = -g - 3*g + 131. Suppose i + g = 6*i. Is i composite?
False
Suppose -15 - 7 = -k. Suppose 4*y + 4*r - k = 3*y, -3*r + 15 = 0. Suppose -m - y*m + 99 = 0. Is m a prime number?
False
Let b be 1/((1/6)/1). Suppose -5*l + 2*l = b. Is (7/2)/(l/(-20)) prime?
False
Suppose 58 - 250 = -2*u. Let o = u - -70. Is o a prime number?
False
Suppose 6*c + 3*r = c - 39, -4*c = r + 27. Let s(p) = p**3 + 5*p**2 - 7*p + 7. Is s(c) composite?
False
Suppose 2*f + 246 = 5*f. Suppose -290 = -2*t - f. Suppose -3*j - j + t = 4*n, 5*j - 88 = -3*n. Is n prime?
False
Let s be -1*(-2 + 2 - 0). Suppose -11 - 1 = -4*y + 4*a, s = -4*a - 12. Suppose -g = -y*g - 53. Is g composite?
False
Is -4 - (-7 - 0) - -127*2 a composite number?
False
Let h = 6 - -3. Is -1 + h/6*24 a prime number?
False
Is 4/(16/68) - -2 prime?
True
Suppose 10 = 3*s - 2*s. Suppose 0*g = -g - s. Let l = -7 - g. Is l prime?
True
Let i(a) = -18*a - 1. Suppose 2*c = 7*c - 15. Let q be ((-2)/c)/((-6)/(-18)). Is i(q) prime?
False
Let r = 1 + 6. Let v(k) = -r*k - 3 - 20*k - k. Is v(-2) a composite number?
False
Let a = -1752 + 2869. Is a prime?
True
Let r be 2*3 + (-2)/2. Suppose -2*k + 4*n + 374 = 0, 3*k - 5*n = r*k - 374. Let y = -134 + k. Is y prime?
True
Let s = 1698 - -119. Is s a prime number?
False
Let a(z) = 2*z**2 + 2*z + 1. Let o be a(-1). Let d be 47 + (3/o)/(-3). Suppose -y = y - d. Is y a prime number?
True
Suppose -5*y = -y - 3188. Is y a co